What is the tens digit of m(9)?
7
Suppose 0 = 5*i - 0*i - 20. Suppose 5*w + i*z - 41 - 27 = 0, -4*z + 52 = 4*w. Suppose c = -c + w. What is the units digit of c?
8
Let i be (-12)/30 - (-66)/(-10). Let a = 9 - i. Suppose 4 = -3*f + a. What is the units digit of f?
4
Let v(f) = -10*f. Let g be v(-1). Suppose 0 = q + x + 3*x - 9, -q - 5*x + g = 0. What is the units digit of q?
5
Let t(k) = k**3 + 8*k**2 - 11*k - 12. Let o be t(-9). Suppose 3*l = -o - 3. What is the units digit of (-2 - l)*1*2?
2
Let c be 1/(0 + -1) + 24. Suppose 3*q - c = -2*f, 2*f + 7*q = 2*q + 33. What is the units digit of f?
4
Let q = -17 - -29. Let z be (-8)/q - (-34)/6. Suppose z*w = -24 + 74. What is the tens digit of w?
1
Suppose 3*c - 3*i = 402, 5*i - 34 = -c + 112. What is the hundreds digit of c?
1
Let s = 54 + 49. What is the hundreds digit of s?
1
Let i(v) = 2*v**2 - 4*v + 1. Let z be ((-4)/12)/((-3)/27). What is the units digit of i(z)?
7
Let s = 24 - -15. What is the units digit of s?
9
Suppose -67 = 5*r - 217. What is the units digit of r?
0
Suppose -w - 10 = -6*w. Let t = 26 + w. What is the tens digit of t?
2
Suppose 0 = -4*k + 6 + 46. Let x(u) = 12*u. Let n be x(2). Let a = n - k. What is the units digit of a?
1
Suppose -13*l + 2880 + 1917 = 0. What is the hundreds digit of l?
3
Suppose 17 = -3*j - 1. Suppose 2*d - 2*y - 44 = -3*d, 5*y - 55 = -4*d. Let w = j + d. What is the units digit of w?
4
Let c(w) = 10*w - 8 + 8. What is the units digit of c(1)?
0
Let a(r) = 3*r + 1. Let f be a(1). Suppose 5*o + 5 + 11 = 4*c, -3*c + f*o = -12. What is the units digit of c?
4
Let b be 2/(3/(-5) - -1). Let q(o) be the third derivative of -o**6/120 + o**5/12 + o**4/24 - 2*o**3/3 + 3*o**2. What is the units digit of q(b)?
1
Suppose -3*g = -g - 10. Let z be (-9)/(-2) + 3/(-6). Suppose 2*h + 6 = 4*w, z = w + h - g. What is the units digit of w?
4
Suppose 2 = -o + 5*q, -2*q - 8 = -3*o - 1. Suppose 0 = -o*z + 2*w + 14 + 102, -3*z = -4*w - 124. What is the units digit of z?
6
Suppose 3*g - 6*g - 38 = -n, 2*g + 3*n = -40. What is the units digit of (-80)/(-35) - (-4)/g?
2
Let j = -26 - -43. Suppose -13 - j = -2*t. What is the tens digit of t?
1
What is the units digit of 4/(-8) + (-14)/(-4)?
3
Suppose -7 = -2*t - 1. What is the units digit of (3/(-2))/(t/(-6))?
3
Let u = 4 - 2. What is the units digit of u?
2
Suppose 0 = 4*m + 34 + 26. Let i = m + 17. What is the units digit of i?
2
Let b = 331 - 200. What is the units digit of b?
1
Suppose 0 = -2*i - 4*c + 142, -4*c - 73 + 14 = -i. What is the tens digit of i?
6
Let c be 18/(-4) - 9/(-6). Let r(n) = 2*n**3 + 4*n**2 - n - 3. Let s be r(c). What is the tens digit of s/(-8)*64/12?
1
What is the units digit of 66/(-5)*(-20)/8?
3
Let v be ((-100)/15)/(2/360). What is the units digit of ((-4)/10)/(10/v)?
8
Let j(z) = 3*z - 2. Let k be j(5). Suppose -3*c + 32 = -4*d, -4*d - 3*c - 2*c = 32. Let f = k + d. What is the units digit of f?
5
What is the hundreds digit of 61*((-2)/1)/((-6)/6)?
1
Suppose -5*c = -3*c. Suppose 3*r - 100 = -4*f - c*f, 0 = -f - 2*r + 25. What is the units digit of f?
5
Let b(w) = 2*w - 6. Let j be b(5). Suppose r - 20 = -j*r. Suppose -7*g = -r*g - 30. What is the tens digit of g?
1
Let s(m) = m**2 + 7*m + 7. Let n = -24 - -9. Let l = n - -9. What is the units digit of s(l)?
1
Let q(l) = l**3 + l**2 - 1. Let j be q(1). What is the tens digit of j/2*-4 + 14?
1
Let p(o) be the second derivative of -3*o**2 + 0 + 7/6*o**3 - 1/20*o**5 + 1/4*o**4 - 3*o. What is the units digit of p(4)?
6
Let v = -1 + -4. What is the units digit of ((-4)/v)/((-2)/(-20))?
8
Let l(r) = -r + 2. Let f be l(2). Let t(p) be the third derivative of -p**6/120 + p**3/2 + 3*p**2. What is the units digit of t(f)?
3
Let t(b) = -b**3 - 5*b**2 - 6*b - 11. What is the units digit of t(-5)?
9
Suppose 5*y = 2*m - 0*m + 1335, 2*m = -2*y + 534. What is the tens digit of y?
6
Suppose 4*y = -47 - 5. Let m = 0 - -18. Let d = m + y. What is the units digit of d?
5
Let p(t) = -2*t + 8. Let h be p(-8). Suppose 0*q = 3*q - h. What is the units digit of q?
8
Let f = 3 + 7. What is the units digit of f/(-40) - 69/(-4)?
7
Let y(x) = -x + 3. Let d be y(0). Suppose -4 = -f + 2*s, 4*s = s. Suppose -f = -4*p - b, b - 3 = -d*p + 2*b. What is the units digit of p?
1
Let q be 2/14 + 22/(-7). What is the units digit of (q - -1) + (1 - -6)?
5
Let j = 242 + -171. What is the units digit of j?
1
Let l be 2 - (1 - 1)/3. Suppose l*g - 24 = -3*g + 3*v, -3*v - 9 = 0. What is the units digit of g?
3
Let n(o) = o**3 + o**2 + 25. What is the tens digit of n(0)?
2
Suppose -2*m + 441 = -5*f - 0*f, -2*f = 4*m - 894. What is the hundreds digit of m?
2
Let u(p) = -2 + 5 + p + 6 + 0. Let g(m) = 7*m - 1. Let j be g(-1). What is the units digit of u(j)?
1
Let q(u) = -u**3 + 13*u**2 + 18*u + 17. What is the units digit of q(14)?
3
Let n be 4/14 - (-20)/(-70). Suppose -4*i + m + 153 = n, -4*i + 5*m = -157 - 16. What is the units digit of i?
7
Let n = 2 - -5. Suppose 0 = -n*m + 2*m + 90. What is the tens digit of m?
1
Suppose 61 = r - 4*w - 63, r = -5*w + 142. What is the units digit of r?
2
What is the tens digit of ((-4)/(-6))/((-10)/(-1575))?
0
Let a(z) = z + 6. Suppose 5*j - 15 = -m, -5*j + 2*j + 37 = -5*m. Let x be a(m). Let y = x + 1. What is the units digit of y?
2
Suppose 2*s - 9 = -3. Suppose -a - 18 = -s*a. Suppose a = 3*n - 9. What is the units digit of n?
6
Let r(b) = -b**3 - 7*b**2 - 4*b + 8. Let d be r(-6). Let y(w) be the second derivative of w**4/12 + w**3/2 + 5*w**2/2 + w. What is the units digit of y(d)?
9
Suppose 4*k - 8 - 8 = 0, -2*k - 107 = -5*j. What is the tens digit of j?
2
Let k = 310 - 54. What is the hundreds digit of k?
2
What is the hundreds digit of 84*(-20 - -6)*2/(-8)?
2
Let v(p) = -16*p + 0*p - 3 + 4. What is the tens digit of v(-1)?
1
Let u(f) = 235*f**2 + f. What is the tens digit of u(-1)?
3
Let a = 1 + -5. What is the units digit of ((-28)/(-8))/((-2)/a)?
7
Suppose 0 = 4*w - 12 - 4. Suppose h + 0*h = -3. Let s = w - h. What is the units digit of s?
7
Let o = 119 + -78. What is the tens digit of o?
4
Let p = -71 + 125. What is the tens digit of p?
5
Suppose 5*v + 5*u = -0*v + 100, v - 35 = -4*u. Suppose 0 = 5*o - v + 5. What is the units digit of o?
2
Let z be (-5)/(-30) - 33/(-18). Suppose -7*s = v - z*s + 14, v = s + 4. What is the units digit of v?
1
Suppose 0 = -a - 0*a + 1. Let c(j) = -4*j + a - 9*j - 2 - 4*j. What is the units digit of c(-1)?
6
Let k(w) = w**2 - w - 5. Let n be k(0). Let p(b) be the second derivative of -b**3/2 - 7*b**2/2 + b. What is the units digit of p(n)?
8
Let b be ((-3)/(-2))/((-2)/12). Let z = 0 - b. What is the units digit of z?
9
Let m(z) = -z**2 + 4*z - 2. Let n be m(4). Let y(s) = 2*s**2 + 2*s - 2. Let f be y(n). Let u = 5 - f. What is the units digit of u?
3
Let i(q) = -q - 3. Let s be i(-5). Suppose -3*u = -s - 4. What is the units digit of u?
2
Suppose 0 = -2*v + 5*v - 5*w - 292, -5*v + 3*w = -492. What is the units digit of v?
9
Suppose 3*l = -8*i + 3*i + 361, 2*l = -6. Suppose 4*z = 5*f - 29 - i, 4*z - 11 = -f. What is the tens digit of f?
1
Suppose 15 = 6*m - m. Suppose -2*z = z - m. What is the units digit of z?
1
Let u = -444 - -788. What is the units digit of u?
4
Let f be 30/(-4)*16/(-20). Let j be 3/(-2)*(-8)/f. What is the units digit of (1 - j - -2) + 9?
0
Suppose -3*c + 2*x - 11 - 13 = 0, 0 = -5*c + 2*x - 36. What is the tens digit of 28*(-3)/c - -1?
1
Suppose -5*w + 175 = -5*y, w + 10*y = 5*y + 11. What is the tens digit of w?
3
Let q(v) = 3*v**2 + 5*v - 1. What is the units digit of q(5)?
9
Let s(w) = -w**3 - 8*w**2 - 4*w + 7. Let k be s(-7). Let x = k + 25. What is the units digit of x?
1
Let o(s) = s**2 - 6*s + 13. What is the tens digit of o(10)?
5
Let c(a) = -7*a + 25. What is the units digit of c(-7)?
4
Let b be (-2)/2 - (-7 + 1). What is the units digit of (b - 1)*2/4?
2
What is the units digit of ((-1)/2)/(38/(-7600))?
0
Suppose 2*d - 15 = -5*g, d - 4*g - 9 = 5. Suppose 0 = -4*k - 3*u - 9, -4*u - 15 = u. Suppose k = 3*c + 1 - d. What is the units digit of c?
3
Let t be ((-10)/4)/((-1)/2). Let h(x) = -x + 8. Let k be h(t). Suppose -k*j + 33 = -3*o, 2*j = 3*o + 12 + 12. What is the units digit of j?
9
Suppose -b - 2*b + 6 = 0. Let a = 5 + 6. Let u = a - b. What is the units digit of u?
9
Let h = 80 - 57